{"id":2,"date":"2014-01-05T13:53:39","date_gmt":"2014-01-05T11:53:39","guid":{"rendered":""},"modified":"2019-03-11T08:52:06","modified_gmt":"2019-03-11T06:52:06","slug":"beispiel-seite","status":"publish","type":"page","link":"http:\/\/www.rudidrums.com\/kiu\/","title":{"rendered":"Herzlich Willkommen!"},"content":{"rendered":"<p>Diese Webseite ist der digitale Kompanion zu meinem Buch &#8222;Keep it Up! &#8211; Snare Drum 1&#8220;.\u00a0 Du findest hier in Zukunft Videos zu ausgew\u00e4hlten \u00dcbungen und St\u00fccken aus dem Buch, sowie erg\u00e4nzendes Material.<\/p>\n<p>Der Men\u00fcpunkt &#8222;Grooves und Fills&#8220; richtet sich an Drumsetspieler, die ihr Vokabular erweitern wollen. Zu jedem dieser Videos gibt es auch eine detailgetreue Transkription.<\/p>\n<p>Ich w\u00fcnsche Dir viel Spa\u00df beim Anschauen und Mitspielen.<\/p>\n<p>Alles Gute Rudi<\/p>\n\n\n<div class=\"wp-block-button aligncenter\"><a class=\"wp-block-button__link\" href=\"http:\/\/www.rudidrums.com\/kiu\/?page_id=95\">Keep It Up! Snare Drum Videos<br><\/a><\/div>\n\n\n\n<div class=\"wp-block-button aligncenter\"><a class=\"wp-block-button__link\" href=\"http:\/\/www.rudidrums.com\/kiu\/?page_id=6\">Grooves &amp; Fills<br><\/a><\/div>\n","protected":false},"excerpt":{"rendered":"<p>Diese Webseite ist der digitale Kompanion zu meinem Buch &#8222;Keep it Up! &#8211; Snare Drum 1&#8220;.\u00a0 Du findest hier in Zukunft Videos zu ausgew\u00e4hlten \u00dcbungen und St\u00fccken aus dem Buch, sowie erg\u00e4nzendes Material. Der Men\u00fcpunkt &#8222;Grooves und Fills&#8220; richtet sich an Drumsetspieler, die ihr Vokabular erweitern wollen. Zu jedem dieser Videos gibt es auch eine [&hellip;]<\/p>\n","protected":false},"author":1,"featured_media":0,"parent":0,"menu_order":0,"comment_status":"closed","ping_status":"closed","template":"","meta":{"footnotes":""},"_links":{"self":[{"href":"http:\/\/www.rudidrums.com\/kiu\/wp-json\/wp\/v2\/pages\/2"}],"collection":[{"href":"http:\/\/www.rudidrums.com\/kiu\/wp-json\/wp\/v2\/pages"}],"about":[{"href":"http:\/\/www.rudidrums.com\/kiu\/wp-json\/wp\/v2\/types\/page"}],"author":[{"embeddable":true,"href":"http:\/\/www.rudidrums.com\/kiu\/wp-json\/wp\/v2\/users\/1"}],"replies":[{"embeddable":true,"href":"http:\/\/www.rudidrums.com\/kiu\/wp-json\/wp\/v2\/comments?post=2"}],"version-history":[{"count":13,"href":"http:\/\/www.rudidrums.com\/kiu\/wp-json\/wp\/v2\/pages\/2\/revisions"}],"predecessor-version":[{"id":247,"href":"http:\/\/www.rudidrums.com\/kiu\/wp-json\/wp\/v2\/pages\/2\/revisions\/247"}],"wp:attachment":[{"href":"http:\/\/www.rudidrums.com\/kiu\/wp-json\/wp\/v2\/media?parent=2"}],"curies":[{"name":"wp","href":"https:\/\/api.w.org\/{rel}","templated":true}]}}